 -0*k + 4, -5*x + 5*k = -420. What are the prime factors of x?
2, 11
Suppose 14*j + 0*j - 4690 = 0. What are the prime factors of j?
5, 67
Suppose -155 = -6*j + 121. What are the prime factors of j?
2, 23
Suppose -2*t + 3*o = 2*o - 40, -2*t + 5*o + 24 = 0. What are the prime factors of t?
2, 11
Suppose 24 = 4*p - 328. List the prime factors of p.
2, 11
Let c(w) = -w + 19. Let q be c(0). Suppose -4*k + 3*k + q = 0. What are the prime factors of k?
19
Let y(m) = m**2 + 6*m - 5. Let a be y(-7). Suppose k = 4*b - a*b - 35, -95 = -5*b + k. Suppose -b = -2*l - 6. List the prime factors of l.
7
Suppose 4*d - 2*d = 72. Suppose 2*a - 13 - d = -i, a = -i + 25. What are the prime factors of a?
2, 3
Let d(u) = 15*u**2 - 5*u - 4. Let x(g) = 7*g**2 - 2*g - 2. Let z(k) = 6*d(k) - 13*x(k). Let b be z(-6). List the prime factors of (-4 - -11)*b/(-7).
2, 5
Let z = -4 + 4. Suppose 3*x + 2*x - 15 = z, -5*r - 11 = 3*x. Let i = -1 - r. List the prime factors of i.
3
Let v be ((-30)/(-9))/(3/18). Suppose 8*t - 3*t = v. What are the prime factors of t?
2
Suppose -c - 3*w + 43 = -4*w, 2*c - 4*w = 80. Let y = c - 33. List the prime factors of y.
13
What are the prime factors of 30/4*(-2054)/(-65)?
3, 79
What are the prime factors of 186/(-1 + -1)*-1?
3, 31
Suppose 0 = -5*u + 5*m + 545, 4*m - 144 = -u - 40. What are the prime factors of u?
2, 3
Suppose -68 + 184 = 2*f. Suppose 2*p - 4*c - f = 0, 2*c + 17 = p + 3*c. List the prime factors of p.
3, 7
Let y = 7 + -7. Suppose -2*n + 3*n - 2 = y. What are the prime factors of n?
2
Let p = 15 + -10. Let y = p - 2. Suppose -34 = -2*m + y*i, -2*m + 0*i + 6 = 4*i. List the prime factors of m.
11
Let b(a) = -a - 2. Let j be b(2). Let g(z) = -z**2 - 5*z + 2. List the prime factors of g(j).
2, 3
Let o(q) = -3 + 2 - q - 3. List the prime factors of o(-7).
3
Suppose 1 + 20 = -5*a + 3*u, -u = 3*a + 21. Let r(l) = -l**3 - 7*l**2 - 7*l - 5. Let o be r(a). Suppose 0 = -2*s + 3 + o. What are the prime factors of s?
2
Let c(r) = -21*r - 24. What are the prime factors of c(-8)?
2, 3
Suppose -t - 2*t + 6 = 0. Suppose 2*s = -t*s + 44. What are the prime factors of s?
11
Let r = 10 - -32. Let l = -29 + r. What are the prime factors of l?
13
Let p = 12 - 8. Let s be (-1 - -1 - -1)*p. Suppose -16 = -2*u + s*t, -4*t = 4*u - 5 - 39. What are the prime factors of u?
2, 5
Let t = 7 - 10. Let q be -21*(4/t - -1). Suppose -x + 0 + q = 0. What are the prime factors of x?
7
Let w(p) = -4*p**2 - 3*p + 2. Let d be w(2). Let y = 2 - d. What are the prime factors of y?
2, 11
Suppose 0*u + 5*d = u + 46, 5*u = 4*d - 251. Suppose c = 3*c + 10. List the prime factors of u/c - (-5)/(-25).
2, 5
What are the prime factors of 1 + 4 + (-952)/(-4)?
3
Suppose 128 = 14*v - 10*v. What are the prime factors of v?
2
Let l = -342 - -585. What are the prime factors of l?
3
Suppose 0 = -5*a + w + 418, 113 = 5*a + 5*w - 317. List the prime factors of a.
2, 3, 7
Let o = -5 + 7. Suppose o*h = 29 - 3. What are the prime factors of h?
13
Let b(s) = -s**2 + 30*s + 68. List the prime factors of b(29).
97
Suppose 0 = -4*p + 12, -3*p = -3*m + 2*p - 9. Let o be (m/(-6))/(1/(-69)). Suppose 4*a - 7 = 2*a - 3*s, 5*s = a - o. List the prime factors of a.
2
Suppose 4*w = 25 + 127. List the prime factors of w.
2, 19
Suppose 3*x - 53 = -4*h, -2*x + 28 = -h - 11. What are the prime factors of x?
19
Let n = 2 + -2. Let y(x) = x**2 - 1 + 2 + x - 2 + n. What are the prime factors of y(-3)?
5
What are the prime factors of 1 + (2 - 86/(-2))?
2, 23
Let g(f) = f**2 - f - 6. Let i be g(-6). List the prime factors of (i/(-20) + 3)*25.
2, 3, 5
Suppose -6 = -0*y - 3*y. Let k = y + 3. Suppose 0 = 5*d - 5*f - 5, k*d - d + 1 = 5*f. List the prime factors of d.
2, 3
Let x(w) = 3*w**3 + w**2 - 1. Let k(r) = r**3 - r**2 - r - 1. Let h be k(2). Let t be x(h). What are the prime factors of 9 - (-2)/t*3?
11
Suppose -2*h = -4*h + 14. Let m(r) = -r**3 + 8*r**2 - 8*r + 9. Let y be m(h). What are the prime factors of y + 4/((-8)/(-22))?
13
What are the prime factors of 1/(-3) + (-3)/((-18)/26)?
2
Let d(j) = j + 4. Let x be d(-3). Let s be -66 - 1/(-1) - x. What are the prime factors of (1 + 0)/((-6)/s)?
11
Let w be (-6)/(-8) + (-48)/64. Suppose -z = -w*o + 3*o - 97, -2*z = 4. List the prime factors of o.
3, 11
Let w(b) be the second derivative of b**6/30 + b**4/24 + b**3/6 - b. Let l(g) be the second derivative of w(g). List the prime factors of l(1).
13
Let v(b) = 14*b - 1. Let m = -15 - -16. List the prime factors of v(m).
13
List the prime factors of (-2)/(-4)*(-8 + 11 - -679).
11, 31
Let x = -112 - -285. List the prime factors of x.
173
Let t(j) = 15*j - 11. List the prime factors of t(6).
79
Let i = 81 + -58. What are the prime factors of i?
23
What are the prime factors of ((-2)/5)/(2/(-10))?
2
Let b(j) = -2*j**2 + j - 2. Let g be b(-3). Let y = g + 32. List the prime factors of y.
3
Let l = 61 + -16. What are the prime factors of l?
3, 5
Let j(p) = -3*p - 5. List the prime factors of j(-4).
7
Let g = 23 + -44. Suppose 5*j - 4*q - 124 = j, -3*q + 81 = 3*j. Let u = j + g. What are the prime factors of u?
2
Let a(u) = u**2 + 5*u. Let x be a(-6). Let p = 8 - x. Suppose 2*m + 32 = 5*v - 2*m, 5*m + 6 = p*v. What are the prime factors of v?
2
Let b(a) = 7 - 3*a**3 - 6 - 3*a + 3*a. Let h be b(1). What are the prime factors of 13 + (-1 - h) + -2?
2, 3
Suppose -23 + 7 = 4*m, -3*f + 2*m = -17. Suppose -2*s - 4*a + 36 = 0, -5*a + f*a + 66 = 5*s. List the prime factors of s.
2, 3
Let o(n) = 7 + 0 - 2*n + 2*n - n. Let g be 0 - (-2 - -4) - -7. What are the prime factors of o(g)?
2
Suppose -7*k + 84 = -98. What are the prime factors of k?
2, 13
Let q be -5*3/(-3) - 1. Suppose -a - a - q*f + 28 = 0, 0 = 2*a - 4*f + 12. What are the prime factors of 1 - (-4 + a/(-2))?
7
Let o = 4 - 10. Let z(c) = -2*c + 3. List the prime factors of z(o).
3, 5
Suppose 0 = -0*a + a - 3. Suppose -a*z - 14 = -4*z. List the prime factors of z.
2, 7
Suppose 2*i = -n - 0*i + 7, 3*n - 5*i = 21. List the prime factors of n.
7
Let i(j) = 2*j**3 - j**2 + 1. Let n be (5/20)/(2/8). Let l be i(n). Suppose -6*o = -4*o + 3*f - 13, -l = -o + 3*f. What are the prime factors of o?
5
Let b(q) = -q**3 + 4*q**2 + 6*q - 2. Let f be b(5). Let j(w) = 1 + 2*w**2 + w**f + w - w**2 + 3*w**2. What are the prime factors of j(-2)?
7
Suppose -2*t = -5*n - 13 + 38, -2*n + 1 = t. List the prime factors of n.
3
Let j(q) = 2 - q**2 + 2 + 8*q + 0*q**2. What are the prime factors of j(5)?
19
Let v(q) = -3*q. Let x be v(-1). Suppose -2*n + 10 = -2*j, -4*j + 0*j = -x*n + 14. Let m = n - 1. List the prime factors of m.
5
Suppose -3*i = 5*u - 219, -3*u = -0*u + 4*i - 138. What are the prime factors of u?
2, 3, 7
Suppose -1218 = 14*h - 28*h. What are the prime factors of h?
3, 29
Let h(m) be the first derivative of m**4/4 + 7*m**3/3 + 7*m**2/2 + 15*m + 3. List the prime factors of h(-6).
3
Let x(b) = 3*b - 1. What are the prime factors of x(2)?
5
Let x(d) = d**2 - 6*d + 27. What are the prime factors of x(14)?
139
Let a(x) = 3*x - 2. Let w be a(2). Suppose 2*d + 40 = 2*j - 8, -8 = w*d. Let t = j + -10. List the prime factors of t.
2, 3
What are the prime factors of (0 - -3) + (1 - -100 - 0)?
2, 13
Suppose -2*x - 31 = -3*x. Let c = -20 + x. Suppose -2*v = -3 - c. What are the prime factors of v?
7
Let k(p) = -p + 10. Let n(z) = 20*z - 98. Let v(y) = -7*y + 33. Let a(s) = 4*n(s) + 11*v(s). Let h(i) = 3*a(i) + 8*k(i). What are the prime factors of h(11)?
2
Suppose 0 = -x + 2*c + 28, -8*c = -3*c + 10. Suppose -2*n = n - 3*f - 12, -3*n + x = f. List the prime factors of n.
7
Suppose 0 = -2*s - 0*s - 52. List the prime factors of (s/8)/((-2)/8).
13
Suppose 4*b + 11 = -p - b, 2*b = -4. Suppose 0 = 6*y - 10*y. List the prime factors of (4/(p + y))/(-2).
2
Suppose -9 = -3*m + 4*h, -h - 15 = -2*m - 3*m. Suppose -2*z + z = -5*o - 11, 5*z + m*o = 55. What are the prime factors of z?
11
Let i be 2 + (84 - (4 - 2)). Let v = i - 57. What are the prime factors of v?
3
Let x(h) = -h**2 + 9*h - 5. List the prime factors of x(7).
3
Suppose -5*x + 188 = -x. Let y(m) = -8*m - 1. Let c be y(4). Let p = x + c. List the prime factors of p.
2, 7
Suppose 5*w + 3*b - 68 = 222, 5*w + 2*b = 290. What are the prime factors of w?
2, 29
Let c(k) = -k**2 + 6*k + 9. Let s be c(7). Suppose -2 = -g + d, -5*g + s*d =